st common factor of 96644730 and 15.
15
Calculate the highest common divisor of 259 and 2836057.
7
What is the greatest common divisor of 738668 and 245364?
644
Calculate the greatest common divisor of 72 and 306392301.
9
What is the greatest common divisor of 2328641172 and 1287?
1287
What is the highest common factor of 6677136 and 96?
48
Calculate the greatest common divisor of 8647030 and 7105.
245
Calculate the highest common factor of 373454521 and 119.
17
Calculate the highest common divisor of 2 and 98343629.
1
What is the highest common factor of 25687343 and 506?
253
What is the highest common factor of 176 and 14745424?
16
Calculate the highest common divisor of 874 and 2354855.
23
What is the highest common divisor of 1198384 and 203522?
242
What is the greatest common factor of 3216485 and 145?
5
What is the greatest common factor of 15436157 and 55?
11
Calculate the greatest common divisor of 1250574509 and 38.
19
Calculate the greatest common factor of 23304 and 13560.
24
Calculate the highest common factor of 52913 and 1484.
7
Calculate the highest common factor of 595 and 1557115.
595
What is the highest common factor of 10 and 231406990?
10
What is the highest common divisor of 13516908 and 27669?
1203
Calculate the greatest common factor of 1989 and 28171533.
663
What is the highest common factor of 62469 and 40722847?
6941
Calculate the greatest common divisor of 292 and 116113873.
73
Calculate the greatest common divisor of 2986236 and 12060.
36
What is the greatest common factor of 340117564 and 1117?
1117
Calculate the greatest common divisor of 1495 and 18116111.
299
Calculate the highest common divisor of 8058167 and 83213.
2249
What is the greatest common divisor of 6890 and 127475335?
3445
Calculate the highest common factor of 2200102214 and 74.
74
Calculate the highest common divisor of 279042443 and 359.
359
What is the highest common divisor of 21324072 and 88?
88
Calculate the highest common factor of 98 and 2198308462.
98
Calculate the highest common divisor of 36777958 and 8664.
722
Calculate the greatest common factor of 281776806 and 31206.
4458
What is the greatest common divisor of 141695928 and 8?
8
Calculate the highest common factor of 783 and 21457197.
27
What is the greatest common divisor of 8 and 19635500?
4
What is the highest common factor of 32136 and 62789727?
4017
What is the greatest common divisor of 147747 and 3519?
51
Calculate the highest common factor of 226617304 and 80031.
3811
Calculate the greatest common divisor of 1510917 and 5695.
67
Calculate the highest common divisor of 388 and 8758324.
388
What is the highest common factor of 165220671 and 119?
119
Calculate the highest common divisor of 17206255 and 220.
55
Calculate the greatest common divisor of 31185 and 468710.
55
What is the greatest common factor of 98489 and 24436?
149
What is the greatest common factor of 1535780 and 68?
68
Calculate the highest common divisor of 4050 and 14608850.
50
What is the greatest common factor of 15920479 and 661344?
6889
Calculate the highest common divisor of 26416 and 23587456.
2032
What is the greatest common factor of 250 and 11630450?
50
Calculate the highest common divisor of 12272 and 12868726.
1534
Calculate the greatest common factor of 10341792 and 864.
288
Calculate the greatest common divisor of 26038854 and 27306.
738
What is the highest common divisor of 34397 and 273229?
649
What is the highest common divisor of 82419 and 827169?
993
What is the highest common factor of 154316 and 62107?
173
What is the greatest common factor of 138990 and 19680?
1230
What is the greatest common factor of 87 and 7720989?
87
Calculate the greatest common factor of 441944307 and 252.
63
What is the highest common divisor of 406 and 6863738?
14
What is the greatest common factor of 1755280 and 141710?
370
What is the greatest common factor of 37544129 and 7868?
1967
What is the highest common divisor of 60719 and 41?
1
Calculate the highest common divisor of 1327909 and 187.
11
Calculate the highest common divisor of 196 and 70088816.
196
Calculate the highest common factor of 24644 and 1476620.
404
What is the greatest common factor of 2836599 and 282?
3
Calculate the greatest common factor of 64481583 and 381.
381
Calculate the highest common divisor of 6039460 and 1540.
140
Calculate the greatest common factor of 9585 and 2977740.
3195
What is the highest common factor of 139340 and 5120?
20
Calculate the highest common factor of 947036 and 1786.
38
What is the greatest common factor of 17368 and 3504328?
1336
Calculate the highest common divisor of 959361 and 125307.
663
Calculate the greatest common factor of 565952 and 102292.
956
What is the greatest common factor of 126475904 and 32?
32
Calculate the highest common divisor of 270684 and 60255000.
3708
What is the highest common divisor of 27760 and 25041949?
347
Calculate the highest common factor of 674 and 8067106.
674
What is the greatest common divisor of 211 and 92106353?
211
Calculate the greatest common divisor of 5185 and 17690.
305
Calculate the greatest common divisor of 591254604 and 2952.
1476
What is the highest common factor of 7635312 and 21488?
272
Calculate the highest common divisor of 20449576 and 483.
161
Calculate the greatest common factor of 23 and 56645389.
23
Calculate the highest common factor of 628141 and 849572.
4519
Calculate the greatest common divisor of 58461 and 4953.
39
Calculate the highest common divisor of 270 and 894735.
45
What is the highest common divisor of 3722 and 23137813?
1861
What is the highest common divisor of 222074745 and 2865?
2865
What is the greatest common divisor of 879578 and 273?
7
What is the greatest common divisor of 8833 and 26088667?
803
What is the highest common divisor of 55297 and 948882?
121
Calculate the highest common divisor of 45822192 and 23088.
624
Calculate the highest common divisor of 35441364 and 6.
6
What is the highest common factor of 16467415 and 1263?
421
Calculate the highest common divisor of 165 and 4257165.
165
Calculate the greatest common divisor of 23771 and 5401.
11
Calculate the greatest common divisor of 1862 and 1251036.
38
Calculate the highest common factor of 154884 and 2916.
12
Calculate the highest common factor of 84 and 62556606.
42
Calculate the highest common factor of 24991 and 12261.
67
What is the highest common factor of 248 and 640582636?
124
Calculate the highest common factor of 6254 and 815498.
118
What is the greatest common factor of 8836355 and 64889?
3817
Calculate the highest common factor of 1047 and 46612091.
349
What is the greatest common factor of 415634 and 12070?
142
Calculate the highest common divisor of 191526 and 4921314.
822
Calculate the greatest common divisor of 621 and 9590643.
27
What is the greatest common divisor of 19023 and 334407?
51
Calculate the highest common divisor of 581 and 231775342.
83
Calculate the highest common divisor of 1647 and 230519.
61
Calculate the greatest common factor of 171005180 and 1948.
1948
What is the greatest common divisor of 82609521 and 54414?
9069
What is the highest common divisor of 6036063 and 96657?
3333
What is the greatest common divisor of 1093 and 213372181?
1093
What is the greatest common factor of 3834 and 660797568?
3834
Calculate the greatest common divisor of 25088125 and 125.
125
Calculate the greatest common factor of 4656278 and 56190.
3746
Calculate the highest common divisor of 15 and 4772645.
5
Calculate the greatest common divisor of 218309398 and 74.
74
What is the greatest common divisor of 110453 and 2042617?
509
Calculate the greatest common divisor of 3707330 and 25.
5
Calculate the highest common divisor of 201424762 and 67662.
2506
What is the greatest common factor of 25922627 and 33392?
2087
Calculate the greatest common factor of 2744 and 1218023184.
2744
Calculate the highest common factor of 37474459 and 4417.
631
Calculate the highest common factor of 21 and 184180549.
7
Calculate the highest common factor of 499913 and 6199651.
3649
Calculate the greatest common divisor of 434 and 453156543.
217
Calculate the greatest common factor of 6767 and 4916377.
101
Calculate the greatest common factor of 343892 and 13112.
596
Calculate the